{"id":1746,"date":"2020-05-18T06:55:54","date_gmt":"2020-05-18T11:55:54","guid":{"rendered":"http:\/\/www.ciptacna.org.pe\/web\/?page_id=1746"},"modified":"2023-07-18T11:43:44","modified_gmt":"2023-07-18T16:43:44","slug":"hogar-del-ingeniero-quienes-somos","status":"publish","type":"page","link":"https:\/\/www.ciptacna.org.pe\/web\/index.php\/hogar-del-ingeniero-quienes-somos\/","title":{"rendered":"Hogar del Ingeniero Tacna &#8211; \u00bfQui\u00e9nes Somos?"},"content":{"rendered":"\n<p>El <strong>\u201cHogar del Ingeniero Tacna\u201d <\/strong>es el brazo social del CIP \u2013 Consejo Departamental de Tacna, fue creado en virtud a un acuerdo adoptado en el Congreso Nacional de Consejos Departamentales del Colegio de Ingenieros del Per\u00fa, realizado en la ciudad de Arequipa en el a\u00f1o 2000 y tiene por objeto propiciar la asistencia al ingeniero y a su familia, en momentos de necesidad.<\/p>\n\n\n\n<p>El <strong>\u201cHogar del Ingeniero Tacna\u201d <\/strong>est\u00e1 conformado por ingenieras colegiadas y esposas de ingenieros colegiados. Tienen en su haber la realizaci\u00f3n de una serie de actividades sociales, actividades ben\u00e9ficas, celebraciones por d\u00edas festivos como el d\u00eda de la madre, d\u00eda del padre, la tradicional navidad y entre otros.<\/p>\n\n\n\n<p>Actualmente El <strong>\u201cHogar del Ingeniero Tacna\u201d <\/strong>del Colegio de Ingenieros del Per\u00fa &#8211; Consejo Departamental de Tacna est\u00e1 presidido por la Sra. <strong>Esperanza Buiza de Quenaya<\/strong>, la juramentaci\u00f3n de la directiva se realizo en el auditorio del CIP Tacna el 03 de Mayo del 2022 y tendr\u00e1 un &#8211; <strong>Periodo 2022-2024.<\/strong><\/p>\n\n\n\n<figure class=\"wp-block-gallery aligncenter columns-0 is-cropped\"><ul class=\"blocks-gallery-grid\"><\/ul><\/figure>\n ","protected":false},"excerpt":{"rendered":"<p>El \u201cHogar del Ingeniero Tacna\u201d es el brazo social del CIP \u2013 Consejo Departamental de Tacna, fue creado en virtud a un acuerdo adoptado en el Congreso Nacional de Consejos Departamentales del Colegio de Ingenieros del Per\u00fa, realizado en la ciudad de Arequipa en el a\u00f1o 2000 y tiene por<span class=\"more-link\"><a href=\"https:\/\/www.ciptacna.org.pe\/web\/index.php\/hogar-del-ingeniero-quienes-somos\/\">Continuar leyendo<\/a><\/span><\/p>\n","protected":false},"author":1,"featured_media":0,"parent":0,"menu_order":0,"comment_status":"closed","ping_status":"closed","template":"","meta":[],"_links":{"self":[{"href":"https:\/\/www.ciptacna.org.pe\/web\/index.php\/wp-json\/wp\/v2\/pages\/1746"}],"collection":[{"href":"https:\/\/www.ciptacna.org.pe\/web\/index.php\/wp-json\/wp\/v2\/pages"}],"about":[{"href":"https:\/\/www.ciptacna.org.pe\/web\/index.php\/wp-json\/wp\/v2\/types\/page"}],"author":[{"embeddable":true,"href":"https:\/\/www.ciptacna.org.pe\/web\/index.php\/wp-json\/wp\/v2\/users\/1"}],"replies":[{"embeddable":true,"href":"https:\/\/www.ciptacna.org.pe\/web\/index.php\/wp-json\/wp\/v2\/comments?post=1746"}],"version-history":[{"count":8,"href":"https:\/\/www.ciptacna.org.pe\/web\/index.php\/wp-json\/wp\/v2\/pages\/1746\/revisions"}],"predecessor-version":[{"id":11157,"href":"https:\/\/www.ciptacna.org.pe\/web\/index.php\/wp-json\/wp\/v2\/pages\/1746\/revisions\/11157"}],"wp:attachment":[{"href":"https:\/\/www.ciptacna.org.pe\/web\/index.php\/wp-json\/wp\/v2\/media?parent=1746"}],"curies":[{"name":"wp","href":"https:\/\/api.w.org\/{rel}","templated":true}]}}