{"id":1801,"date":"2020-05-18T07:44:56","date_gmt":"2020-05-18T12:44:56","guid":{"rendered":"http:\/\/www.ciptacna.org.pe\/web\/?page_id=1801"},"modified":"2020-05-18T07:44:57","modified_gmt":"2020-05-18T12:44:57","slug":"certificado-de-habilidad","status":"publish","type":"page","link":"https:\/\/www.ciptacna.org.pe\/web\/index.php\/certificado-de-habilidad\/","title":{"rendered":"CERTIFICADO DE HABILIDAD"},"content":{"rendered":"\n<h2 class=\"has-text-align-center\"><strong>R<\/strong><strong>EQUISITOS PARA OBTENER EL CERTIFICADO DE HABILIDAD Y\/O PROYECTOS<\/strong><strong><\/strong><\/h2>\n\n\n\n<ul><li>Encontrarse al d\u00eda en sus cotizaciones.<\/li><li>Haber sufragado en las \u00faltimas elecciones.<\/li><li>No estar inhabilitado por el Tribunal Departamental de \u00c9tica.<\/li><li>Abonar S\/. 20.00 en Tesorer\u00eda.<\/li><\/ul>\n\n\n\n<p><strong>TR\u00c1MITE PERSONAL<\/strong><\/p>\n\n\n\n<ul><li>Los ingenieros se acreditar\u00e1n con su Carnet o Documento de Identidad.<\/li><\/ul>\n\n\n\n<p><strong>TR\u00c1MITE MEDIANTE TERCEROS<\/strong><\/p>\n\n\n\n<ul><li>El Ingeniero acreditar\u00e1 mediante una carta simple original, presentando a la persona que va a realizar el tr\u00e1mite (firmado y sellado, indicando nombres, D.N.I., y el n\u00famero de certificados a tramitar), o tambi\u00e9n puede enviar al correo electr\u00f3nico secretaria@ciptacna.org.pe \u00f3 tesoreria@ciptacna.org.pe, desde su correo inscrito en nuestra base de datos.<\/li><li>La persona autorizada deber\u00e1 presentar copia simple de su documento de identidad.<\/li><li>Si el ingeniero pertenece a otro Consejo Departamental, deber\u00e1 adjuntar el \u00faltimo recibo de pago de sus cotizaciones, copia del carnet o DNI y la Constancia de haber sufragado en las \u00faltimas elecciones (si viene una tercera persona adjuntar\u00e1 a su vez la autorizaci\u00f3n del ingeniero debidamente firmado y sellado).<\/li><\/ul>\n\n\n\n<div class=\"wp-block-image\"><figure class=\"aligncenter size-large\"><img loading=\"lazy\" width=\"438\" height=\"292\" src=\"http:\/\/www.ciptacna.org.pe\/web\/wp-content\/uploads\/2020\/05\/CERTI001.jpg\" alt=\"\" class=\"wp-image-1802\" srcset=\"https:\/\/www.ciptacna.org.pe\/web\/wp-content\/uploads\/2020\/05\/CERTI001.jpg 438w, https:\/\/www.ciptacna.org.pe\/web\/wp-content\/uploads\/2020\/05\/CERTI001-300x200.jpg 300w\" sizes=\"(max-width: 438px) 100vw, 438px\" \/><\/figure><\/div>\n ","protected":false},"excerpt":{"rendered":"<p>REQUISITOS PARA OBTENER EL CERTIFICADO DE HABILIDAD Y\/O PROYECTOS Encontrarse al d\u00eda en sus cotizaciones. Haber sufragado en las \u00faltimas elecciones. No estar inhabilitado por el Tribunal Departamental de \u00c9tica. Abonar S\/. 20.00 en Tesorer\u00eda. TR\u00c1MITE PERSONAL Los ingenieros se acreditar\u00e1n con su Carnet o Documento de Identidad. TR\u00c1MITE MEDIANTE<span class=\"more-link\"><a href=\"https:\/\/www.ciptacna.org.pe\/web\/index.php\/certificado-de-habilidad\/\">Continuar leyendo<\/a><\/span><\/p>\n","protected":false},"author":1,"featured_media":0,"parent":0,"menu_order":0,"comment_status":"closed","ping_status":"closed","template":"","meta":[],"_links":{"self":[{"href":"https:\/\/www.ciptacna.org.pe\/web\/index.php\/wp-json\/wp\/v2\/pages\/1801"}],"collection":[{"href":"https:\/\/www.ciptacna.org.pe\/web\/index.php\/wp-json\/wp\/v2\/pages"}],"about":[{"href":"https:\/\/www.ciptacna.org.pe\/web\/index.php\/wp-json\/wp\/v2\/types\/page"}],"author":[{"embeddable":true,"href":"https:\/\/www.ciptacna.org.pe\/web\/index.php\/wp-json\/wp\/v2\/users\/1"}],"replies":[{"embeddable":true,"href":"https:\/\/www.ciptacna.org.pe\/web\/index.php\/wp-json\/wp\/v2\/comments?post=1801"}],"version-history":[{"count":2,"href":"https:\/\/www.ciptacna.org.pe\/web\/index.php\/wp-json\/wp\/v2\/pages\/1801\/revisions"}],"predecessor-version":[{"id":3843,"href":"https:\/\/www.ciptacna.org.pe\/web\/index.php\/wp-json\/wp\/v2\/pages\/1801\/revisions\/3843"}],"wp:attachment":[{"href":"https:\/\/www.ciptacna.org.pe\/web\/index.php\/wp-json\/wp\/v2\/media?parent=1801"}],"curies":[{"name":"wp","href":"https:\/\/api.w.org\/{rel}","templated":true}]}}