{"id":3962,"date":"2021-02-01T15:13:37","date_gmt":"2021-02-01T20:13:37","guid":{"rendered":"http:\/\/www.ciptacna.org.pe\/web\/?page_id=3962"},"modified":"2025-03-19T20:08:41","modified_gmt":"2025-03-20T01:08:41","slug":"directivos","status":"publish","type":"page","link":"https:\/\/www.ciptacna.org.pe\/web\/index.php\/directivos\/","title":{"rendered":"DIRECTIVOS"},"content":{"rendered":"\n<h2 class=\"has-text-align-center\">CONSEJO DIRECTIVO<br>PERIODO 2025 \u2013 2027<\/h2>\n\n\n\n<div class=\"wp-block-columns\">\n<div class=\"wp-block-column\">\n<br><div align=\"center\">\n<img loading=\"lazy\" class=\"btn_servicio\" src=\"http:\/\/www.ciptacna.org.pe\/web\/wp-content\/uploads\/2025\/01\/Todos-los-Ingeniero-colegiados-con-9.png\" alt=\"\" width=\"256\" height=\"143\">\n<figcaption><strong>DECANO<\/strong><br>\nIng. CIP ROMULO MARTIN CHAPI RIQUELME<\/figcaption>\n<p style=\"color:#B43216\" ;=\"\">Capitulo de Sistemas<\/p>\n<\/div>\n<style>\n.btn_servicio{\n-webkit-box-shadow: 2px 2px 5px #999;\n  -moz-box-shadow: 2px 2px 5px #999;\nborder-radius: 5px; \n}\n.btn_servicio:hover{\ntransition: all 1.0s ease-out;\ntransform: scale(1.1, 1.1);\n}\n<\/style>\n<\/div>\n\n\n\n<div class=\"wp-block-column\">\n<br><div align=\"center\">\n<img loading=\"lazy\" class=\"btn_servicio\" src=\"http:\/\/www.ciptacna.org.pe\/web\/wp-content\/uploads\/2025\/01\/Todos-los-Ingeniero-colegiados-con-4.png\" alt=\"\" width=\"256\" height=\"143\">\n<figcaption><strong>VICE DECANO<\/strong><br>\nIng. CIP JOSE ANDRES SALINAS MEDINA<\/figcaption>\n<p style=\"color:#B43216\" ;=\"\">Cap\u00edtulo de Civiles<\/p>\n<\/div>\n<style>\n.btn_servicio{\n-webkit-box-shadow: 2px 2px 5px #999;\n  -moz-box-shadow: 2px 2px 5px #999;\nborder-radius: 5px; \n}\n.btn_servicio:hover{\ntransition: all 1.0s ease-out;\ntransform: scale(1.1, 1.1);\n}\n<\/style>\n\n\n\n<p><\/p>\n<\/div>\n\n\n\n<div class=\"wp-block-column\">\n<br><div align=\"center\">\n<img loading=\"lazy\" class=\"btn_servicio\" src=\"http:\/\/www.ciptacna.org.pe\/web\/wp-content\/uploads\/2025\/01\/Todos-los-Ingeniero-colegiados-con-5.png\" alt=\"\" width=\"256\" height=\"143\">\n<figcaption><strong>SECRETARIO<\/strong><br>\nIng. CIP JOSE DAVID RODRIGUEZ COPARE<\/figcaption>\n<p style=\"color:#B43216\" ;=\"\">Cap\u00edtulo de Ge\u00f3logos Mineros<\/p>\n<\/div>\n<style>\n.btn_servicio{\n-webkit-box-shadow: 2px 2px 5px #999;\n  -moz-box-shadow: 2px 2px 5px #999;\nborder-radius: 5px; \n}\n.btn_servicio:hover{\ntransition: all 1.0s ease-out;\ntransform: scale(1.1, 1.1);\n}\n<\/style>\n<\/div>\n<\/div>\n\n\n\n<div class=\"wp-block-columns\">\n<div class=\"wp-block-column\">\n<br><div align=\"center\">\n<img loading=\"lazy\" class=\"btn_servicio\" src=\"http:\/\/www.ciptacna.org.pe\/web\/wp-content\/uploads\/2025\/03\/Post-Instagram-Agencia-De-Marketing-Digital-Profesional-Moderno-Fondo-Violeta-5.png\" alt=\"\" width=\"256\" height=\"143\">\n<figcaption><strong>PRO SECRETARIO<\/strong><br>\nIng. CIP PAOLA LUZBELINDA SANABRIA ESQUICHE<\/figcaption>\n<p style=\"color:#B43216\" ;=\"\">Cap\u00edtulo de Pesqueros <\/p>\n<\/div>\n<style>\n.btn_servicio{\n-webkit-box-shadow: 2px 2px 5px #999;\n  -moz-box-shadow: 2px 2px 5px #999;\nborder-radius: 5px; \n}\n.btn_servicio:hover{\ntransition: all 1.0s ease-out;\ntransform: scale(1.1, 1.1);\n}\n<\/style>\n<\/div>\n\n\n\n<div class=\"wp-block-column\">\n<br><div align=\"center\">\n<img loading=\"lazy\" class=\"btn_servicio\" src=\"http:\/\/www.ciptacna.org.pe\/web\/wp-content\/uploads\/2025\/01\/Todos-los-Ingeniero-colegiados-con-13.png\" alt=\"\" width=\"256\" height=\"143\">\n<figcaption><strong>TESORERO<\/strong><br>\nIng. CIP ROSSMERY SOSA VARGAS<\/figcaption>\n<p style=\"color:#B43216\" ;=\"\">Cap\u00edtulo de Industriales Comerciales<\/p>\n<\/div>\n<style>\n.btn_servicio{\n-webkit-box-shadow: 2px 2px 5px #999;\n  -moz-box-shadow: 2px 2px 5px #999;\nborder-radius: 5px; \n}\n.btn_servicio:hover{\ntransition: all 1.0s ease-out;\ntransform: scale(1.1, 1.1);\n}\n<\/style>\n<\/div>\n\n\n\n<div class=\"wp-block-column\">\n<br><div align=\"center\">\n<img loading=\"lazy\" class=\"btn_servicio\" src=\"http:\/\/www.ciptacna.org.pe\/web\/wp-content\/uploads\/2025\/01\/Todos-los-Ingeniero-colegiados-con-12.png\" alt=\"\" width=\"256\" height=\"143\">\n<figcaption><strong>PRO TESORERO<\/strong><br>\nIng. CIP JOSE MANUEL CHIPANA ALAVE<\/figcaption>\n<p style=\"color:#B43216\" ;=\"\">Cap\u00edtulo de Agr\u00f3nomos<\/p>\n<\/div>\n<style>\n.btn_servicio{\n-webkit-box-shadow: 2px 2px 5px #999;\n  -moz-box-shadow: 2px 2px 5px #999;\nborder-radius: 5px; \n}\n.btn_servicio:hover{\ntransition: all 1.0s ease-out;\ntransform: scale(1.1, 1.1);\n}\n<\/style>\n<\/div>\n<\/div>\n\n\n\n<p><\/p>\n ","protected":false},"excerpt":{"rendered":"<p>CONSEJO DIRECTIVOPERIODO 2025 \u2013 2027 DECANO Ing. CIP ROMULO MARTIN CHAPI RIQUELMECapitulo de Sistemas VICE DECANO Ing. CIP JOSE ANDRES SALINAS MEDINACap\u00edtulo de Civiles SECRETARIO Ing. CIP JOSE DAVID RODRIGUEZ COPARECap\u00edtulo de Ge\u00f3logos Mineros PRO SECRETARIO Ing. CIP PAOLA LUZBELINDA SANABRIA ESQUICHECap\u00edtulo de Pesqueros TESORERO Ing. CIP ROSSMERY SOSA VARGASCap\u00edtulo<span class=\"more-link\"><a href=\"https:\/\/www.ciptacna.org.pe\/web\/index.php\/directivos\/\">Continuar leyendo<\/a><\/span><\/p>\n","protected":false},"author":5,"featured_media":0,"parent":0,"menu_order":0,"comment_status":"closed","ping_status":"closed","template":"","meta":[],"_links":{"self":[{"href":"https:\/\/www.ciptacna.org.pe\/web\/index.php\/wp-json\/wp\/v2\/pages\/3962"}],"collection":[{"href":"https:\/\/www.ciptacna.org.pe\/web\/index.php\/wp-json\/wp\/v2\/pages"}],"about":[{"href":"https:\/\/www.ciptacna.org.pe\/web\/index.php\/wp-json\/wp\/v2\/types\/page"}],"author":[{"embeddable":true,"href":"https:\/\/www.ciptacna.org.pe\/web\/index.php\/wp-json\/wp\/v2\/users\/5"}],"replies":[{"embeddable":true,"href":"https:\/\/www.ciptacna.org.pe\/web\/index.php\/wp-json\/wp\/v2\/comments?post=3962"}],"version-history":[{"count":54,"href":"https:\/\/www.ciptacna.org.pe\/web\/index.php\/wp-json\/wp\/v2\/pages\/3962\/revisions"}],"predecessor-version":[{"id":15037,"href":"https:\/\/www.ciptacna.org.pe\/web\/index.php\/wp-json\/wp\/v2\/pages\/3962\/revisions\/15037"}],"wp:attachment":[{"href":"https:\/\/www.ciptacna.org.pe\/web\/index.php\/wp-json\/wp\/v2\/media?parent=3962"}],"curies":[{"name":"wp","href":"https:\/\/api.w.org\/{rel}","templated":true}]}}